e d + 2*f = 67, 5*f + m*f = -4*d + 265. What is the remainder when d is divided by 22?
21
Suppose 0 = -5*i - o + 108, -2*i + 5*o - 1 = -28. Let g be (-2*3/12)/(1/1066). Let x = g - -539. Calculate the remainder when i is divided by x.
3
Suppose -5*w - 1076 = -10*c + 6*c, 0 = 3*w + 12. Calculate the remainder when c is divided by 69.
57
Let l be (9/(-54))/((-2)/(-6))*-6. Calculate the remainder when (-14)/l*(-13 + -7 + -1) is divided by 27.
17
Let g = -2915 - -3181. What is the remainder when g is divided by 127?
12
Let v = 46 - 37. Suppose 0 = 5*k - 21 - v. What is the remainder when 14 is divided by 23/(-69) - (-26)/k?
2
Let n(l) = -l**3 - 10*l**2 - 28*l - 74. Suppose -2*b + 34 = 50. Calculate the remainder when n(b) is divided by ((-2)/4)/((-2)/52).
9
What is the remainder when 2480 is divided by 1651*(-3)/(-3 - 3) - 220/88?
11
Suppose 1414 = 33*b - 4097. Suppose 5*h = 5*y + 265, 16*y = -4*h + 11*y + b. Calculate the remainder when 238 is divided by h.
46
Suppose 0*q - 5*q + 25 = 0. Suppose 4*u = -0*v + q*v - 3, 5*u - 3 = 4*v. Suppose -v*k = 13 - 1, 3*k = w - 93. What is the remainder when w is divided by 14?
11
Suppose 5276 + 3714 = -31*c. Let n = c + 346. What is the remainder when n is divided by 10?
6
Suppose 0 = p - 6 + 9, -3*n - 210 = -5*p. What is the remainder when 43 is divided by n/20*(4 + -8)?
13
Suppose 5*g + o + 448 = 4*o, -5*o + 348 = -4*g. Let l = g - -101. What is the remainder when 42 is divided by l?
6
Suppose 68935 = 16*b - 56076 + 45667. What is the remainder when b is divided by 62?
61
Let i(f) = 4*f**2 + 269*f - 5847. What is the remainder when i(20) is divided by 223?
18
Suppose -p + 5 - 1 = 0. Suppose 214 = -2*m + p*m. Let u = -131 - -149. Calculate the remainder when m is divided by u.
17
Suppose 6*f - 40 = f. Let o(z) = 5*z. Suppose -9813*d - 5002 = -9840*d - 736. What is the remainder when d is divided by o(f)?
38
Suppose 255 = 16*z - 113. Suppose 21*s + z*s - 484 = 0. Calculate the remainder when 252 is divided by s.
10
Suppose -300 = -19*j + 669. What is the remainder when 4495 is divided by j?
7
Suppose 9*y + 88 - 513 = -20. What is the remainder when y is divided by 10?
5
Let g = 42 + -4. Suppose s - 7*f + 36 = 0, 0 = -25*s + 21*s - 3*f + 104. Calculate the remainder when g is divided by s.
18
Let m(b) = -b**3 - 48*b**2 - 2*b + 254. Calculate the remainder when m(-48) is divided by 59.
55
What is the remainder when 20696/10 + 608/(-5320)*21/(-6) is divided by 34?
30
Let d(s) = 92*s - 346. What is the remainder when d(18) is divided by 120?
110
Suppose 14*h - 4712 + 288 = 0. Calculate the remainder when 234 is divided by (h/10)/(1/(-25)*-10).
76
Let m(p) = -p**3 - 2*p**2 + 11*p - 3. Calculate the remainder when 898 is divided by m(2).
1
Calculate the remainder when (-19306)/(-16) + 2700/7200 is divided by 1204.
3
Let d(j) = -16*j - 4. Let k(m) = -m. Let v be k(5). What is the remainder when d(v) is divided by (-45)/(-10)*(590/(-90) + 9)?
10
Let s(f) = 11*f - 12. Let y(q) = q**2 - 10*q + 25. Let g be y(7). Calculate the remainder when s(9) is divided by (-16)/g + 225/15.
10
Let c be (4 + 52*-4)/((-3)/3). Let d = c - 81. What is the remainder when d is divided by 55?
13
What is the remainder when 112 is divided by 1*12/27 - (-2366)/63?
36
Let c(o) = -381*o - 1869. What is the remainder when 319 is divided by c(-5)?
31
Suppose -44*g + 18*g + 36*g = 7600. What is the remainder when g is divided by 108?
4
Let k be (-253)/(-7) + (5 - (-72)/(-14)). Let w = k - 24. Calculate the remainder when 6/(-9) + (-214)/(-6) is divided by w.
11
Let l be ((-24)/18)/(0 + 2/(-3)). Suppose 0 = -2*t + 2*s + 276, -l*t - 5*s = -88 - 174. Calculate the remainder when t is divided by 24.
16
Suppose 13 = 4*z + 5. Suppose z*x - 54 - 92 = 3*f, x + f - 68 = 0. Calculate the remainder when x is divided by 28.
14
Suppose -3*y + 228 = -243. What is the remainder when y is divided by 35?
17
Suppose q + 5*m = 229, -m = 2*q + 4*m - 438. Suppose -1630*c + 805 = -802*c - 805*c. What is the remainder when q is divided by c?
34
Calculate the remainder when 1238 is divided by 168/9*((-89)/(-6) - (-110)/66).
6
What is the remainder when 116 is divided by (-10)/(-30)*-18*(-4)/4?
2
Let g = 36 + -25. Let r = g + 24. Suppose -31 = -p + r. Calculate the remainder when p is divided by 24.
18
What is the remainder when 4349 is divided by (-8036)/1148 + 26/(1/1)?
17
Suppose 4*m = -5*f + 114 + 331, -m + 95 = -2*f. Let s(q) = 2*q + 52. What is the remainder when m is divided by s(-12)?
21
What is the remainder when (-30974)/(-38) - 80/760 is divided by 48?
47
What is the remainder when 310 is divided by ((-53)/(-3))/((42/24)/((-483)/(-46)))?
98
Suppose -20*y + 40 = -16*y. Let m be y/(-4)*(-16)/10. What is the remainder when 120 is divided by (41/m)/((-63)/(-12) + -5)?
38
What is the remainder when (130/585)/(20/11790) is divided by ((-22)/5)/(1/(-5))?
21
Suppose -u + 5*l + 154 = 0, 233 = 2956*u - 2954*u + 5*l. What is the remainder when 549 is divided by u?
33
Let o = -4729 + 4755. What is the remainder when 590 is divided by o?
18
Suppose 3*r - 8 = 4*f - 0, f + 15 = 4*r. Suppose 27 = 4*o - q, 3*o - 4*o - 2*q + 18 = 0. What is the remainder when o is divided by f?
0
Suppose -4*t = -96 + 76. Suppose -21*x + 19*x + 181 = 5*b, 2*x - 5*b - 131 = 0. Calculate the remainder when x is divided by t.
3
Let l = -4392 - -5167. What is the remainder when l is divided by 38?
15
Let g(i) = i**3 - 45*i**2 - 248*i - 92. What is the remainder when 3679 is divided by g(50)?
7
Calculate the remainder when -6771*((-550)/440 - (-1)/4) is divided by 25.
21
Let j(x) = -534*x + 1465. Calculate the remainder when j(2) is divided by 154.
89
Suppose -4*b = -5*l + 144, -5*l - 4*b + 145 = -9*b. Calculate the remainder when 272 is divided by (-2 - 1330/(-49)) + (-4)/l.
22
Suppose 764*u - 765*u - 8 = 0. Let l(b) = -b**2 - 14*b + 29. Calculate the remainder when l(u) is divided by 16.
13
Let n(a) be the first derivative of 3*a**4/4 + a**3 - 2*a**2 + 3*a - 8. Let g = 15 + -7. What is the remainder when n(2) is divided by g?
7
Let j(s) = -5*s**3 - s**2 + 448. Let o be j(0). Suppose -21*b + o = 35*b. Suppose 5*q - 172 = 13. Calculate the remainder when q is divided by b.
5
Calculate the remainder when 6372/36 + 1 + -7 is divided by 162.
9
What is the remainder when (221/(-34))/(11144/(-1392) - -8) is divided by 239?
175
Let q(x) = x + 43. Let n(y) = 5*y**3 - 12*y**2 + 9*y + 4. Let a be ((-80)/30)/((-2)/3). What is the remainder when n(a) is divided by q(0)?
39
Let d be 59 + 10 + 42/(-6). Calculate the remainder when (d/8)/((-678)/(-96) - 7) is divided by 32.
28
Suppose -79 = -2*x + 5. Let k(f) = 39*f + 22. What is the remainder when x is divided by k(0)?
20
Suppose 5*b = -2*y - 2916 + 8736, -4*y = -3*b + 3492. What is the remainder when b is divided by 227?
29
Suppose 4657 - 65 = 28*o. Let c = o + -152. Calculate the remainder when 155 is divided by c.
11
Suppose -2*m - 314 = -3*i, 5*i - 6*m - 490 = -11*m. What is the remainder when 1118 is divided by i?
98
Let m be (2/5)/((-1)/(-5)). Suppose -2*x + 0*b = -m*b - 64, -96 = -3*x - 4*b. Suppose -23*g = 6*g - 261. Calculate the remainder when x is divided by g.
5
Let d(w) = -4*w + 59. Calculate the remainder when 128 is divided by d(8).
20
Suppose -4*y + 1600 = 240 - 2676. Calculate the remainder when y is divided by 11.
8
Let f = -28 - -41. Suppose 375 = 7*p - 2*p. Suppose -6*w + 9*w = p. What is the remainder when w is divided by f?
12
Suppose 0 = 3*m + 3*o - 72, m - 3*o - 11 = 17. Let h = 2 + m. What is the remainder when 46 is divided by h?
19
Let b(v) = 3*v**2 - 27*v - 1145. What is the remainder when 177 is divided by b(-16)?
12
Let u(n) = -n**2 + n - 1. Let k(o) = -o**3 + 4*o**2 - 11*o. Let p(c) = k(c) - 6*u(c). What is the remainder when p(7) is divided by 4?
2
Calculate the remainder when 4220 is divided by (2 - 5)/(72/(-768)*1).
28
Suppose 4*f = 32, 0 = 13*k - 17*k - 5*f + 92. Calculate the remainder when k is divided by 3/12 + (-69)/(-12).
1
Suppose 51190 = 49*l + 2092. What is the remainder when l is divided by 22?
12
Let q(u) = u**3 + 18*u**2 + 46*u + 18. What is the remainder when 4*(-2 - -3)*1 - -4 is divided by q(-15)?
2
Suppose -5*m - 141 + 1006 = -3*h, h + 692 = 4*m. What is the remainder when m is divided by 73?
27
Let p(h) = h**